 20. Calculate the greatest common factor of 1 and q.
1
Suppose 0 = 9*b - 2*b - 196. Suppose -5*m + 4*t + 196 = -34, 136 = 3*m - 2*t. Calculate the greatest common divisor of b and m.
14
Let g be (-6 + (-34)/(-6))*-10*6. What is the highest common divisor of g and 220?
20
Let z = 1 - 2. Let n(j) = 155*j**2 + 2*j + 1. Let i be n(z). What is the highest common divisor of i and 14?
14
Suppose -3*k - 1 + 16 = 0. Suppose k = -g + 1. Let w be g - -24 - (1 + -1). Calculate the highest common factor of w and 4.
4
Suppose -5*b + 4*o - 13 = -66, 0 = -3*b - 3*o + 21. Let i(n) = -2*n + 1. Let v be i(-4). Calculate the highest common factor of b and v.
9
Let m(o) = -9*o + 8. Let d be m(0). Suppose -a - 3*h = a - 115, -3*h - 109 = -2*a. Calculate the highest common factor of d and a.
8
Let y = -4 - -7. Suppose y*j = 5*s - 101, 0 = 5*s + j - 0*j - 93. What is the greatest common factor of 95 and s?
19
Suppose -3*r = -r - 28. Let k be 2/(-5) + (1 - (-408)/20). What is the greatest common factor of k and r?
7
Let l = -19 + 43. Let u = -18 - -23. Suppose u*g + 310 + 107 = 2*j, 4*j + 4*g = 876. What is the greatest common divisor of j and l?
24
Suppose -1 = 4*o - 17. Suppose o*b - 3*b = 4. Suppose 4*h = b*s + 80, -4*h + 60 = -0*h + s. What is the greatest common factor of 48 and h?
16
Suppose -3 = -3*n - k - 2*k, 0 = 3*k + 6. Suppose 5*t + 5*j + 0*j - 85 = 0, -n*j = 3. Let m = -10 + t. Calculate the highest common divisor of 8 and m.
8
Let d = -1 + 2. Let q(l) = 2*l + 1. Let g be q(d). Suppose -g*z + m = -292, -3*m = 2*z + 2*m - 223. Calculate the greatest common factor of 9 and z.
9
Suppose 2*l = 2, 7*m - 209 = 2*m - 4*l. Calculate the greatest common factor of m and 205.
41
Let t = 6 + 4. What is the greatest common divisor of t and 50?
10
Let w(j) = 14*j - 1. Let z be w(1). Let l(g) = 3*g + 143. Let n be l(0). What is the greatest common factor of z and n?
13
Let d(y) = 16*y**3 + y**2 - y. Let j be d(1). Suppose -2*z - j = -b, -3*b + 2*z = -5*b + 50. What is the highest common divisor of 55 and b?
11
Let r be -1 + -1*(3 - 20). What is the greatest common divisor of 2 and r?
2
Let c(g) = -16*g. Let o(z) = -z**2 + 8*z + 4. Let k be o(9). Let f be c(k). What is the greatest common factor of 10 and f?
10
Let g = 87 + -57. Let v(t) = 2*t**2 + 2. Let a be v(-2). Let m be 18/5 - 6/a. Calculate the greatest common factor of m and g.
3
Let v be 1 - (-6 + 2 + -2). Let y(l) = -3*l - 19. Let m(t) = t + 1. Let d(h) = -4*m(h) - y(h). Let g be d(8). What is the greatest common factor of v and g?
7
Let o be ((-12)/2 - -3)*-3. What is the highest common divisor of o and 18?
9
Suppose 4*x + 2 - 10 = 5*y, -5*x = y - 10. Suppose 3*a = x*a + 242. What is the highest common divisor of 22 and a?
22
Let z = 38 - 22. Calculate the greatest common divisor of z and 40.
8
Let f be 25/(2 + -3 + 18/12). What is the highest common divisor of 30 and f?
10
Suppose -2 = 3*y + 10, -5*y = 4*c - 16. Calculate the greatest common divisor of c and 18.
9
Let h be (9 + -1)*7/2. Calculate the greatest common factor of 70 and h.
14
Let n(p) = 16*p + 56. Let x be n(22). Calculate the highest common factor of 51 and x.
51
Let t(l) = l**3 - 11*l**2 + 19*l + 6. Let q be t(9). What is the greatest common divisor of 6 and q?
3
Let h be ((-2)/6)/((-2)/36). Suppose r - 2*r - 4 = -5*q, 5*q + r = h. What is the highest common divisor of 7 and q?
1
Let n(u) = 7*u - 11. Let v be n(8). Let l be (10/8)/((-2)/(-16)). Suppose l = -2*b, 2*r - 3*b - 1 = 50. Calculate the greatest common divisor of v and r.
9
Let i(v) = v**3 - 7*v**2 + 7*v - 6. Let k be i(6). Suppose s - 8 = 2*g - 6*g, k = 5*s. Calculate the highest common divisor of 3 and g.
1
Let p be 2 + (1 - 1) - 9. Let j(o) = o**2 + 8*o + 5. Let t be j(p). Let s be (8 - t)*2/4. Calculate the highest common factor of 2 and s.
1
Suppose 2*c + 2*c = -5*j + 96, -2*c = -5*j + 102. Let g(i) = -31*i**3 + i. Let q be g(-1). Calculate the greatest common factor of q and j.
10
Suppose 25 = -13*v + 18*v. Calculate the highest common divisor of v and 40.
5
Suppose -3*h - 86 = -2*a, -4*a + 52 = 4*h - 6*h. Let j = h + 48. Suppose -i - 3*i + 12 = 0, 120 = 5*g - 5*i. What is the greatest common divisor of j and g?
9
Let y = -80 + 100. What is the highest common factor of y and 200?
20
Let m = 4 + -19. Let z be ((-10)/(-6))/(2/(-12)). Let t be z/m + 22/3. Calculate the greatest common factor of 8 and t.
8
Let y(q) = q**2 + 6*q. Let r be y(-6). Suppose -3 = -3*j - l + 3, r = 4*j - 5*l - 27. What is the greatest common divisor of j and 24?
3
Let w be (-1435)/(-140) + 10/(-8). Calculate the highest common factor of 9 and w.
9
Let u(r) = -r**3 + 13*r**2 + 15*r + 5. Let a be u(14). Let q = 56 + -37. What is the highest common divisor of q and a?
19
Let o = -8 + -1. Let u(k) = -k**3 - 8*k**2 + 9*k + 2. Let w be u(o). Let t be (2/(-4))/(w/(-48)). What is the highest common factor of 6 and t?
6
Let b be -1*(-1 + 0 - 0). Let h = -167 + 172. Calculate the greatest common divisor of b and h.
1
Let s = 7 + -9. Let i be (-5)/(1/s*2). Calculate the greatest common divisor of i and 10.
5
Let l = 44 - 24. Let t be 2/5 + 32/l. Suppose -6*w = -w - 20, 5*c - w - 36 = 0. Calculate the greatest common divisor of c and t.
2
Let z(c) = -c**3 + 13*c**2 + 3*c + 5. Let f be z(13). Calculate the highest common factor of 4 and f.
4
Suppose -17*y + 22*y = 440. Calculate the greatest common divisor of 8 and y.
8
Let w be 1 - 10*(-69)/6. Suppose -4*m = -5*k - 104, -7*k - 16 = -3*k. Suppose m - w = -5*s. What is the greatest common factor of 95 and s?
19
Suppose -32 = -z - z. Let k = z + 14. What is the highest common divisor of k and 75?
15
Let k be 56/10 + (-2)/(-5). Let j = -9 + 21. Let a be j + 1 + -2 + 1. Calculate the greatest common divisor of a and k.
6
Let h be 2/8 - 21/(-12). Let g be -4*2/(0 - h). What is the greatest common factor of 44 and g?
4
Let g(o) = -o**2 + o + 12. Let h = -6 - -6. Let r be g(h). Calculate the highest common factor of r and 120.
12
Suppose 3*s - 86 = 43. What is the highest common factor of 473 and s?
43
Let w = 52 - 76. Let s be (-1)/(1*1/w). What is the greatest common divisor of 60 and s?
12
Suppose -b - 16 = -5*b. Suppose 4*o - 3*o = 3*h - 104, 2*h + b*o - 60 = 0. What is the highest common factor of h and 17?
17
Let v be 2/3 - 117/(-27). Suppose 35 = 5*t + v*k, 2*t + t = 5*k + 13. Let i(z) = 7*z + 2. Let u be i(t). Calculate the highest common divisor of u and 4.
4
Let t be (-260)/(-25) - 4/10. Suppose -t = 3*a + 5, -5*a = -3*b + 85. What is the highest common factor of b and 60?
20
Let a be (2 - (-2 - -5))*0. Let i(k) = -k**3 + k + 28. Let y be i(a). Let j = 150 + -80. What is the greatest common factor of j and y?
14
Suppose c = 5*z - 5, -2*c - 2*z - 4 = -6. Suppose c = -i, -3*f + 5 = i - 94. What is the highest common factor of 3 and f?
3
Let p(m) = m**3 + 8*m**2 + 2*m + 17. Let t be p(-8). Calculate the greatest common divisor of t and 1.
1
Let f = 11 + -6. Let s = 6 - -9. Calculate the highest common divisor of f and s.
5
Let t(w) = -17*w - 7. Let r be t(-6). Let j = r + -65. What is the greatest common factor of j and 6?
6
Let c(i) = i**3 - 20*i**2 - 19*i - 23. Let y be c(21). Let g(s) = -57*s. Let j be g(-3). Calculate the greatest common divisor of y and j.
19
Suppose -2*o - 4*o + 12 = 0. What is the greatest common factor of 14 and o?
2
Let q(y) = y**2 - 3*y - 3. Let b be q(6). Let w = -8 + b. Let r = -36 - -50. What is the greatest common divisor of w and r?
7
Suppose 4*o = 5*r + 33, -3*r = -0*o - 2*o + 19. Let l be 4/(((-4)/(-6))/o). What is the highest common divisor of 108 and l?
12
Let f be 6/6*(0 - -2). Suppose 5*q = -z - 21, 2*z + 3*q + 10 + 4 = 0. Let x be (z/(-1))/1*2. What is the highest common divisor of x and f?
2
Suppose -2*c = -4*u - 72, -4*c = u - 104 - 13. What is the greatest common divisor of c and 3?
3
Suppose 55 = -2*j + 155. What is the highest common divisor of 25 and j?
25
Suppose 8*u = 7*u + 2. Suppose -35 = -u*p + 105. Calculate the highest common divisor of 14 and p.
14
Suppose -21 = 2*m + 69. Let h be (8/10)/(9/m). Let k be h/(-12) - 285/(-9). Calculate the highest common divisor of 8 and k.
8
Let p = 18 + -13. What is the highest common factor of p and 5?
5
Let f = -42 - -49. Calculate the greatest common divisor of f and 77.
7
Let